factors of x.
2, 7
Suppose 7 - 3 = 4*o, 3*n - 13 = -4*o. Let j = 5 - n. What are the prime factors of j?
2
Let t be (9/6)/((-9)/(-24)). Suppose -t*q + 84 = 2*q. What are the prime factors of q?
2, 7
Suppose -5*g = -17 - 93. List the prime factors of g.
2, 11
Let x(u) = -51*u + 10. What are the prime factors of x(-4)?
2, 107
Suppose -138 = -46*x + 40*x. List the prime factors of x.
23
Let v = 42 + -18. What are the prime factors of v?
2, 3
Let q(u) = -u - 4. Let r be q(-7). Suppose -4*f = -z - 49, -4*z + 5 = f - r. List the prime factors of f.
2, 3
Suppose 2*k = 0, x - k - 30 = -4*x. What are the prime factors of 4*(x + -3 + -2)?
2
Let f = -27 - -24. What are the prime factors of (1 + 13/f)*-15?
2, 5
Suppose -3*k + 16 = 4. Suppose -r + 8 = -k. Let u = r - 7. List the prime factors of u.
5
Suppose 5*r + 2*d - 38 = r, 5*r - d = 30. Suppose -r = 2*k - 0*k + 3*a, k = -a - 1. What are the prime factors of k?
2
Let f = -12 - -8. Let n = f + 6. List the prime factors of n.
2
Let q(x) be the first derivative of 2 - 3/2*x**2 - 12*x. List the prime factors of q(-8).
2, 3
Let y(x) = 46*x**3. What are the prime factors of y(1)?
2, 23
Let t(n) be the first derivative of -n**2/2 + 2*n - 4. What are the prime factors of t(-5)?
7
Suppose 0 = 5*j + 5*q - q - 18, 6 = 5*j - 2*q. Suppose -78 = -k - j*k. What are the prime factors of k?
2, 13
Suppose -2*t - n - 3*n = -80, 4*t - 4*n - 184 = 0. List the prime factors of t.
2, 11
Suppose -5*v - 17 = -117. Let o = 37 - v. List the prime factors of o.
17
Let b = 262 - 107. List the prime factors of b.
5, 31
Let z = 307 + -201. What are the prime factors of (-11)/(-22) + z/4?
3
Suppose -4*z - 3*b + 388 = 0, -b - 279 + 75 = -2*z. What are the prime factors of z?
2, 5
Let n be 4/(-18) - 3185/45. Let g = n + 103. What are the prime factors of g?
2
Let n = -3 - -7. Suppose k - 2*h = 3*k - 40, 0 = -4*k + n*h + 80. What are the prime factors of k?
2, 5
Suppose -2*y = -3*y + 4. Let g(p) = -p - 4. Let w be g(-5). What are the prime factors of w - 2/(y/(-22))?
2, 3
Let r(d) = d. Let a be (-9 - (1 + -1))/(-1). Suppose 4*j - j - a = 0. List the prime factors of r(j).
3
List the prime factors of (1128/(-14))/(34/(-119)).
2, 3, 47
Suppose 3*j - 3 - 9 = 0. Let f = 1 + 4. Suppose -j*d + d + 10 = 4*t, f = d + 3*t. List the prime factors of d.
2
Let a(y) = -17*y**2 + 0*y**3 - 2*y - 12 - y**3 - 10. List the prime factors of a(-17).
2, 3
Suppose -72 = 3*o - 4*p, p + 26 = -4*o - 70. Let k = -3 - o. Suppose -7*w = -4*w - k. List the prime factors of w.
7
Let d(g) = g**2 - 6*g + 2. Let o be d(4). Let k be ((-4)/o)/((-4)/(-12)). Suppose k*u - 2 = 4*x, -17 - 13 = -2*u - 3*x. What are the prime factors of u?
3
Let o(h) be the first derivative of 1/3*h**3 + 7/2*h**2 + 3 + 5*h. What are the prime factors of o(-7)?
5
Suppose 2*p - 2*k = p + 15, -2*p = 3*k - 9. List the prime factors of p.
3
Let r(t) = t - 3*t**2 - 3*t - 2*t**3 + 25 - 23. Suppose 2*u + 2 = u. List the prime factors of r(u).
2, 5
Let b be -20*(0 - 12/(-10)). What are the prime factors of ((-6)/1)/(18/b)?
2
Let h = -50 + 111. What are the prime factors of h?
61
Let c = -4 - -4. Suppose -12 = k - c*k. What are the prime factors of -2*5/(15/k)?
2
Let f(z) = -z**3 + 7*z**2 + 11*z + 3. Let h(k) = k**3 + k**2 - k - 2. Let m be h(2). List the prime factors of f(m).
3
Let q be -3 + 4 - -1*7. Let u = 11 - q. Suppose -10 = -u*n + 5. What are the prime factors of n?
5
Suppose -2*k + 77 = -5*t - 17, 5*k - 297 = -3*t. List the prime factors of k.
3, 19
Suppose 5*d = -t - 5, -t - 3*d = -0*t + 3. Suppose 2*v - 6 = -t*v. Suppose -2*i + 3*i - 25 = -4*r, v*i - 3 = 0. List the prime factors of r.
2, 3
Let p(n) = -n**3 - n**2 + n - 2. Let v be p(-2). Suppose -x + f = 2*x - 98, 5*x + 5*f - 170 = v. List the prime factors of x.
3, 11
Let c be 6*(1 + (-2)/6). Let w = 2 + c. List the prime factors of w.
2, 3
Let i be (-1)/2 - 491/(-2). Suppose -4*g - g = -f - i, -3*g + 4*f = -164. List the prime factors of g.
2, 3
Suppose u - 3*s - 2 = -3*u, -3*u + 3*s = 0. Suppose -21 = -u*d - d - g, 0 = 5*d + 5*g - 45. What are the prime factors of d?
2, 3
Let b be (-2 + 2)/(-1 - -2). Suppose b = -12*x + 8*x + 192. What are the prime factors of x?
2, 3
Let r = -10 - -13. Suppose -4*n = r*s - 68, 2*s - 4*n = 20 + 52. List the prime factors of s.
2, 7
Let z = 23 - 51. Let y = 39 + z. What are the prime factors of y?
11
Suppose -2*j = 4*t - 58, -3*t = t - 2*j - 38. Suppose 0 = 4*a - 5*a - 6. Let m = t + a. What are the prime factors of m?
2, 3
Let v be 2/(-8) + (-5)/(-4). Let n be v*-1 + -6 + 1. List the prime factors of (9/n + -2)*-2.
7
Let x = 4 - 1. Suppose i = 4*f + 12, i + 3*i + x*f = 124. Let j = i + -16. What are the prime factors of j?
2, 3
Suppose -o = -5*f + o + 21, 2*f = -2*o + 14. Suppose f*y - 30 = 30. List the prime factors of y.
2, 3
Let a = 160 + -109. What are the prime factors of a?
3, 17
What are the prime factors of 53*(2/7 + (-30)/(-42))?
53
Let b(s) = 2 - 10*s**2 - 9*s - s**3 - 4 + 11 + 3. List the prime factors of b(-9).
2, 3
Suppose 2*t - 7 = -t - 4*g, 4*g = t - 29. Let h = t - -5. What are the prime factors of h?
2, 7
Suppose f - 52 = -f. Suppose -3*c - f = -5*c. What are the prime factors of c?
13
List the prime factors of (-1)/5 + 332/10.
3, 11
Let j(c) = -c**3 - 7*c**2 + 6. What are the prime factors of j(-7)?
2, 3
Let w = -3 - -2. List the prime factors of (8/(-6))/(w/6).
2
Let b(h) = -6*h - 1. Let a be b(-6). List the prime factors of 3/15 + 903/a.
2, 13
Let g = 26 + 42. List the prime factors of g.
2, 17
Let h be (-1 + 0)/((-2)/4). Let v = 0 - h. List the prime factors of -6*((-27)/6 - v).
3, 5
Let d(m) = -m**2 - 9*m + 8. List the prime factors of d(-6).
2, 13
Suppose 3*c - 12 = -3*s, 2*c + 1 = -3*s + 9. Suppose -19 = -g + c. What are the prime factors of g?
23
Suppose -8 = 3*i + 4, 2*d - 5*i = 8. What are the prime factors of 256/6 - (-4)/d?
2, 3, 7
Suppose -k + 7*k - 198 = 0. List the prime factors of k.
3, 11
Let y = -2 - -12. List the prime factors of 1*8*15/y.
2, 3
Suppose -5*w + 180 = -w. List the prime factors of w.
3, 5
Suppose 2*m - 5*t = 192, -5*m + m = 4*t - 356. What are the prime factors of 2392/m + 4/(-14)?
2, 13
Let d = 5 - -11. What are the prime factors of d?
2
Let g = -50 + 77. Let r = g + -19. What are the prime factors of r?
2
Let p = 13 - -17. What are the prime factors of p?
2, 3, 5
Let c(y) = y**2 - 9*y + 23. What are the prime factors of c(10)?
3, 11
Let b(d) = 34*d**2 - 4*d - 2. What are the prime factors of b(-1)?
2, 3
Let p = -64 + 133. What are the prime factors of p?
3, 23
Let u = 293 + -140. What are the prime factors of u?
3, 17
Suppose -7*h = -290 - 431. What are the prime factors of h?
103
Suppose -4*g + 3*s - 32 = -11, -4*g - 3*s = 3. Let y(l) = l + 3. Let b be y(g). Suppose 3*j + 24 - 57 = b. List the prime factors of j.
11
Suppose 0 + 4 = 2*i. Let d(b) = 34*b - 2. Let m be d(i). Suppose -m = 3*h - 6*h. What are the prime factors of h?
2, 11
Let p be (24/30)/((-2)/(-10)). Suppose -p*y + 2*y = -22. What are the prime factors of y?
11
Let l(d) = 7*d**2 - d. Suppose -6 = 3*c - o - 0*o, -2*c - 8 = -2*o. List the prime factors of l(c).
2
Suppose 2*j + 3 = -1. Let d(h) be the third derivative of -h**6/120 + h**5/30 + h**4/24 - 2*h**2. List the prime factors of d(j).
2, 7
Suppose -s = 5*t - 665, -7*t = -2*t + 2*s - 665. What are the prime factors of t?
7, 19
Suppose -u = -2*o + 553, 5*u + 277 = 2*o - 272. What are the prime factors of o?
277
Let r(i) = -i - 5. Let t(b) = b**3 + 13*b**2 - b - 18. Let s be t(-13). Let k be r(s). List the prime factors of (-17)/2*-2 - k.
17
Let z = -28 + 47. Suppose -2*x = 1 + z. Let q = -5 - x. List the prime factors of q.
5
Let z(k) = -5*k**3 + 11*k + 5*k**3 + k**2 - k**3 - 8 + 6*k**2. Suppose n = 3*a - 0*a - 4, -16 = -4*a. What are the prime factors of z(n)?
2
Let s = -1 + 4. Let c be 8/(-6)*(-6 - s). Suppose 0*q + c = 3*q. What are the prime factors of q?
2
Suppose 0*w - w = -6. What are the prime factors of (-76)/(-18) + w/(-27)?
2
Let q(d) = -d - 1. Let n(s) = 3*s + 3. Let w(x) = 3*n(x) + 7*q(x). Let a = -6 + 9. List the prime factors of w(a).
2
What are the prime factors of (52/12)/((-5)/(-60))?
2, 13
Suppose -2*g - 12 = -o - 2*o, o - 4 = 3*g. Suppose -5*l + 69 = -o*f, l + 2*f = 4*l - 41. List the prime factors of l.
13
Let 